4
Calculate the remainder when 2157 is divided by 437.
409
Calculate the remainder when 1117899 is divided by 372627.
18
Calculate the remainder when 1108043 is divided by 554004.
35
What is the remainder when 1147 is divided by 262?
99
Calculate the remainder when 16796 is divided by 16784.
12
What is the remainder when 125 is divided by 66?
59
What is the remainder when 1124323 is divided by 789?
787
Calculate the remainder when 30924 is divided by 15457.
10
What is the remainder when 52845 is divided by 25?
20
What is the remainder when 3270 is divided by 789?
114
Calculate the remainder when 1191 is divided by 235.
16
What is the remainder when 17210 is divided by 8597?
16
What is the remainder when 4459 is divided by 508?
395
What is the remainder when 520 is divided by 61?
32
Calculate the remainder when 59569 is divided by 124.
49
What is the remainder when 3407 is divided by 901?
704
What is the remainder when 6767 is divided by 233?
10
What is the remainder when 14058 is divided by 7018?
22
What is the remainder when 18871 is divided by 69?
34
Calculate the remainder when 4410 is divided by 4207.
203
What is the remainder when 10223 is divided by 153?
125
What is the remainder when 880 is divided by 171?
25
Calculate the remainder when 4272768 is divided by 235.
233
Calculate the remainder when 59793 is divided by 18.
15
Calculate the remainder when 8300 is divided by 2764.
8
Calculate the remainder when 11066 is divided by 1383.
2
What is the remainder when 521051 is divided by 12?
11
Calculate the remainder when 56099 is divided by 22.
21
Calculate the remainder when 116341 is divided by 417.
415
What is the remainder when 3193 is divided by 1348?
497
Calculate the remainder when 2303 is divided by 91.
28
Calculate the remainder when 1543 is divided by 178.
119
What is the remainder when 1656 is divided by 190?
136
Calculate the remainder when 34565 is divided by 23.
19
Calculate the remainder when 1227653 is divided by 1659.
1652
What is the remainder when 568214 is divided by 109?
106
What is the remainder when 400152 is divided by 10?
2
What is the remainder when 662721 is divided by 738?
735
Calculate the remainder when 445149 is divided by 16.
13
Calculate the remainder when 5610 is divided by 122.
120
What is the remainder when 53944 is divided by 53723?
221
What is the remainder when 599 is divided by 270?
59
Calculate the remainder when 530 is divided by 254.
22
Calculate the remainder when 1550 is divided by 203.
129
Calculate the remainder when 3902 is divided by 205.
7
What is the remainder when 33292 is divided by 3?
1
Calculate the remainder when 21584 is divided by 7194.
2
What is the remainder when 3587 is divided by 204?
119
What is the remainder when 6995 is divided by 1163?
17
Calculate the remainder when 14412 is divided by 553.
34
Calculate the remainder when 192956 is divided by 18.
14
What is the remainder when 2565791 is divided by 944?
943
Calculate the remainder when 26434 is divided by 733.
46
Calculate the remainder when 47125 is divided by 100.
25
Calculate the remainder when 36330 is divided by 1211.
0
What is the remainder when 16004 is divided by 15782?
222
Calculate the remainder when 17740 is divided by 41.
28
Calculate the remainder when 418239 is divided by 32.
31
What is the remainder when 16699 is divided by 2383?
18
What is the remainder when 9948 is divided by 25?
23
What is the remainder when 3173 is divided by 235?
118
What is the remainder when 1832 is divided by 305?
2
Calculate the remainder when 2473 is divided by 61.
33
What is the remainder when 768 is divided by 268?
232
Calculate the remainder when 22939 is divided by 749.
469
Calculate the remainder when 619 is divided by 445.
174
Calculate the remainder when 4483 is divided by 744.
19
Calculate the remainder when 82970 is divided by 954.
926
What is the remainder when 7101 is divided by 22?
17
Calculate the remainder when 6526 is divided by 6013.
513
Calculate the remainder when 30136 is divided by 62.
4
Calculate the remainder when 1052 is divided by 68.
32
What is the remainder when 981033 is divided by 16914?
21
Calculate the remainder when 23095 is divided by 123.
94
What is the remainder when 66047 is divided by 106?
9
What is the remainder when 1016890 is divided by 94?
92
What is the remainder when 12244 is divided by 891?
661
What is the remainder when 38600 is divided by 1050?
800
What is the remainder when 1601726 is divided by 234?
230
Calculate the remainder when 49951 is divided by 12461.
107
Calculate the remainder when 27856 is divided by 37.
32
What is the remainder when 1903 is divided by 66?
55
Calculate the remainder when 2089 is divided by 684.
37
What is the remainder when 86839 is divided by 14473?
1
What is the remainder when 53006 is divided by 457?
451
Calculate the remainder when 9839 is divided by 82.
81
What is the remainder when 2909 is divided by 22?
5
What is the remainder when 52198 is divided by 25?
23
What is the remainder when 1858 is divided by 93?
91
What is the remainder when 35161 is divided by 237?
85
What is the remainder when 5130 is divided by 184?
162
What is the remainder when 5731 is divided by 62?
27
What is the remainder when 7249 is divided by 428?
401
Calculate the remainder when 15841 is divided by 45.
1
What is the remainder when 119333 is divided by 1637?
1469
Calculate the remainder when 21328 is divided by 1122.
10
What is the remainder when 1339048 is divided by 334760?
8
What is the remainder when 26663 is divided by 478?
373
What is the remainder when 901 is divided by 188?
149
What is the remainder when 809791 is divided by 9?
7
Calculate the remainder when 7454 is divided by 215.
144
What is the remainder when 5011 is divided by 1746?
1519
Calculate the remainder when 11993 is divided by 1712.
9
What is the remainder when 36016 is divided by 38?
30
Calculate the remainder when 6402 is divided by 3188.
26
Calculate the remainder when 131322 is divided by 18750.
72
Calculate the remainder when 142267 is divided by 456.
451
What is the remainder when 342052 is divided by 340?
12
What is the remainder when 6564 is divided by 934?
26
Calculate the remainder when 1831 is divided by 1049.
782
Calculate the remainder when 145354 is divided by 197.
165
Calculate the remainder when 145323 is divided by 1371.
1368
What is the remainder when 2685 is divided by 240?
45
Calculate the remainder when 6318 is divided by 68.
62
Calculate the remainder when 6958 is divided by 37.
2
Calculate the remainder when 12292 is divided by 16.
4
Calculate the remainder when 43004 is divided by 59.
52
What is the remainder when 1160 is divided by 132?
104
Calculate the remainder when 3189 is divided by 127.
14
What is the remainder when 4466 is divided by 18?
2
What is the remainder when 6949 is divided by 535?
529
Calculate the remainder when 248428 is divided by 804.
796
Calculate the remainder when 650028 is divided by 1407.
1401
Calculate the remainder when 17552 is divided by 462.
458
Calculate the remainder when 736140 is divided by 278.
274
What is the remainder when 96469 is divided by 710?
619
What is the remainder when 11195 is divided by 1021?
985
Calculate the remainder when 11541 is divided by 384.
21
Calculate the remainder when 209032 is divided by 5.
2
Calculate the remainder when 25138 is divided by 6284.
2
What is the remainder when 4893 is divided by 697?
14
Calculate the remainder when 214978 is divided by 77.
71
Calculate the remainder when 27955 is divided by 1410.
1165
Calculate the remainder when 29185 is divided by 5830.
35
What is the remainder when 977728 is divided by 1814?
1796
Calculate the remainder when 434110 is divided by 14.
12
What is the remainder when 10440 is divided by 194?
158
What is the remainder when 3827 is divided by 534?
89
Calculate the remainder when 13928 is divided by 696.
8
What is the remainder when 3494 is divided by 274?
206
Calculate the remainder when 100555 is divided by 280.
35
Calculate the remainder when 29581 is divided by 233.
223
What is the remainder when 61004 is divided by 2903?
41
What is the remainder when 1660 is divided by 447?
319
Calculate the remainder when 38985 is divided by 3542.
23
What is the remainder when 85954 is divi